{"version":"1.0","provider_name":"Alian\u021ba Mondial\u0103 a Vaporatorilor","provider_url":"https:\/\/worldvapersalliance.com\/ro","author_name":"Michael Landl","author_url":"https:\/\/worldvapersalliance.com\/ro\/author\/michael\/","title":"Biden firma, negli Usa addio alla nicotina sintetica - World Vapers&#039; Alliance","type":"rich","width":600,"height":338,"html":"<blockquote class=\"wp-embedded-content\" data-secret=\"f4Pmr52NDM\"><a href=\"https:\/\/worldvapersalliance.com\/ro\/biden-firma-negli-usa-addio-alla-nicotina-sintetica\/\">Biden firma, negli Usa addio alla nicotina sintetica<\/a><\/blockquote><iframe sandbox=\"allow-scripts\" security=\"restricted\" src=\"https:\/\/worldvapersalliance.com\/ro\/biden-firma-negli-usa-addio-alla-nicotina-sintetica\/embed\/#?secret=f4Pmr52NDM\" width=\"600\" height=\"338\" title=\"\u201eBiden firma, negli Usa addio alla nicotina sintetica\u201d \u2014 World Vapers&#039; Alliance\" data-secret=\"f4Pmr52NDM\" frameborder=\"0\" marginwidth=\"0\" marginheight=\"0\" scrolling=\"no\" class=\"wp-embedded-content\"><\/iframe><script>\n\/*! This file is auto-generated *\/\n!function(d,l){\"use strict\";l.querySelector&&d.addEventListener&&\"undefined\"!=typeof URL&&(d.wp=d.wp||{},d.wp.receiveEmbedMessage||(d.wp.receiveEmbedMessage=function(e){var t=e.data;if((t||t.secret||t.message||t.value)&&!\/[^a-zA-Z0-9]\/.test(t.secret)){for(var s,r,n,a=l.querySelectorAll('iframe[data-secret=\"'+t.secret+'\"]'),o=l.querySelectorAll('blockquote[data-secret=\"'+t.secret+'\"]'),c=new RegExp(\"^https?:$\",\"i\"),i=0;i<o.length;i++)o[i].style.display=\"none\";for(i=0;i<a.length;i++)s=a[i],e.source===s.contentWindow&&(s.removeAttribute(\"style\"),\"height\"===t.message?(1e3<(r=parseInt(t.value,10))?r=1e3:~~r<200&&(r=200),s.height=r):\"link\"===t.message&&(r=new URL(s.getAttribute(\"src\")),n=new URL(t.value),c.test(n.protocol))&&n.host===r.host&&l.activeElement===s&&(d.top.location.href=t.value))}},d.addEventListener(\"message\",d.wp.receiveEmbedMessage,!1),l.addEventListener(\"DOMContentLoaded\",function(){for(var e,t,s=l.querySelectorAll(\"iframe.wp-embedded-content\"),r=0;r<s.length;r++)(t=(e=s[r]).getAttribute(\"data-secret\"))||(t=Math.random().toString(36).substring(2,12),e.src+=\"#?secret=\"+t,e.setAttribute(\"data-secret\",t)),e.contentWindow.postMessage({message:\"ready\",secret:t},\"*\")},!1)))}(window,document);\n\/\/# sourceURL=https:\/\/worldvapersalliance.com\/wp-includes\/js\/wp-embed.min.js\n<\/script>","thumbnail_url":"https:\/\/worldvapersalliance.com\/wp-content\/uploads\/2022\/03\/World_Vapers_Alliance_Logo_White_Stripes.png","thumbnail_width":2081,"thumbnail_height":1920,"description":"&#8220;Questo provvedimento minaccia la disponibilit\u00e0 di alternative meno dannose al fumo quali lo svapo.\u00a0 C\u2019\u00e8 un disastro per la salute pubblica incombente. Migliaia di negozi di vaporizzatori finiranno per andare in difficolt\u00e0 e molti vapers, di conseguenza, finiranno per tornare a fumare&#8221;. Cos\u00ec Micheal Landl, numero uno della World Vaper Alliance nel commentare le ultime [&hellip;]"}

Alianța Mondială a Vaporatorilor

&#8220;Questo provvedimento minaccia la disponibilità di alternative meno dannose al fumo quali lo svapo.  C’è un disastro per la salute pubblica incombente. Migliaia di negozi di vaporizzatori finiranno per andare in difficoltà e molti vapers, di conseguenza, finiranno per tornare a fumare&#8221;. Così Micheal Landl, numero uno della World Vaper Alliance nel commentare le ultime [&hellip;]
