{"id":5143,"date":"2023-07-20T06:56:09","date_gmt":"2023-07-20T10:56:09","guid":{"rendered":"https:\/\/worldvapersalliance.com\/?post_type=podcast&#038;p=5143"},"modified":"2023-11-17T06:56:54","modified_gmt":"2023-11-17T11:56:54","slug":"embracing-harm-reduction-with-johan-nissinen","status":"publish","type":"podcast","link":"https:\/\/worldvapersalliance.com\/cs\/podcast\/embracing-harm-reduction-with-johan-nissinen\/","title":{"rendered":"P\u0159ijet\u00ed Harm Reduction s Johanem Nissinenem"},"content":{"rendered":"<p>V dne\u0161n\u00ed epizod\u011b se k n\u00e1m p\u0159ipoj\u00ed velmi speci\u00e1ln\u00ed host \u2013 Johan Harry Nissinen. Johan Nissinen je poslancem Riksdagu od roku 2014 a od roku 2022 d\u011bl\u00e1 v Evrop\u011b vlny z\u00e1jmu. Jeho oddanost ve\u0159ejn\u00e9 slu\u017eb\u011b a v\u00e1\u0161e\u0148 pro sni\u017eov\u00e1n\u00ed \u0161kod z n\u011bj ud\u011blaly p\u0159edn\u00ed osobnost v boji za sni\u017eov\u00e1n\u00ed \u0161kod. V t\u00e9to epizod\u011b se Johan Nissinen pod\u011bl\u00ed o pozoruhodn\u00fd \u00fasp\u011bch \u0160v\u00e9dska v dosa\u017een\u00ed jeho c\u00edle neku\u0159\u00e1ctv\u00ed a o strategie, kter\u00e9 byly zavedeny k dosa\u017een\u00ed tohoto miln\u00edku. Pono\u0159\u00edme se do inspirativn\u00ed cesty \u0160v\u00e9dska a dozv\u00edme se, co si sv\u011bt m\u016f\u017ee odn\u00e9st z jeho \u00fasp\u011bch\u016f v boji proti kou\u0159en\u00ed.<\/p>","protected":false},"featured_media":5122,"template":"","class_list":["post-5143","podcast","type-podcast","status-publish","has-post-thumbnail","hentry"],"yoast_head":"<!-- This site is optimized with the Yoast SEO plugin v27.3 - https:\/\/yoast.com\/product\/yoast-seo-wordpress\/ -->\n<title>Embracing Harm Reduction with Johan Nissinen - World Vapers&#039; Alliance<\/title>\n<meta name=\"robots\" content=\"index, follow, max-snippet:-1, max-image-preview:large, max-video-preview:-1\" \/>\n<link rel=\"canonical\" href=\"https:\/\/worldvapersalliance.com\/cs\/podcast\/embracing-harm-reduction-with-johan-nissinen\/\" \/>\n<meta property=\"og:locale\" content=\"cs_CZ\" \/>\n<meta property=\"og:type\" content=\"article\" \/>\n<meta property=\"og:title\" content=\"Embracing Harm Reduction with Johan Nissinen - World Vapers&#039; Alliance\" \/>\n<meta property=\"og:description\" content=\"In today\u2019s episode, we have a very special guest joining us &#8211; Johan Harry Nissinen. Johan Nissinen has been serving as a member of the Riksdag since 2014 and, since 2022, he has been making waves in Europe. His dedication to public service and passion for harm reduction has made him a leading figure in [&hellip;]\" \/>\n<meta property=\"og:url\" content=\"https:\/\/worldvapersalliance.com\/cs\/podcast\/embracing-harm-reduction-with-johan-nissinen\/\" \/>\n<meta property=\"og:site_name\" content=\"World Vapers&#039; Alliance\" \/>\n<meta property=\"article:modified_time\" content=\"2023-11-17T11:56:54+00:00\" \/>\n<meta property=\"og:image\" content=\"https:\/\/worldvapersalliance.com\/wp-content\/uploads\/2023\/11\/VUP_2-1024x576.png\" \/>\n\t<meta property=\"og:image:width\" content=\"1024\" \/>\n\t<meta property=\"og:image:height\" content=\"576\" \/>\n\t<meta property=\"og:image:type\" content=\"image\/png\" \/>\n<meta name=\"twitter:card\" content=\"summary_large_image\" \/>\n<meta name=\"twitter:label1\" content=\"Odhadovan\u00e1 doba \u010dten\u00ed\" \/>\n\t<meta name=\"twitter:data1\" content=\"1 minuta\" \/>\n<script type=\"application\/ld+json\" class=\"yoast-schema-graph\">{\"@context\":\"https:\\\/\\\/schema.org\",\"@graph\":[{\"@type\":\"WebPage\",\"@id\":\"https:\\\/\\\/worldvapersalliance.com\\\/podcast\\\/embracing-harm-reduction-with-johan-nissinen\\\/\",\"url\":\"https:\\\/\\\/worldvapersalliance.com\\\/podcast\\\/embracing-harm-reduction-with-johan-nissinen\\\/\",\"name\":\"Embracing Harm Reduction with Johan Nissinen - World Vapers&#039; Alliance\",\"isPartOf\":{\"@id\":\"https:\\\/\\\/worldvapersalliance.com\\\/#website\"},\"primaryImageOfPage\":{\"@id\":\"https:\\\/\\\/worldvapersalliance.com\\\/podcast\\\/embracing-harm-reduction-with-johan-nissinen\\\/#primaryimage\"},\"image\":{\"@id\":\"https:\\\/\\\/worldvapersalliance.com\\\/podcast\\\/embracing-harm-reduction-with-johan-nissinen\\\/#primaryimage\"},\"thumbnailUrl\":\"https:\\\/\\\/worldvapersalliance.com\\\/wp-content\\\/uploads\\\/2023\\\/11\\\/VUP_2.png\",\"datePublished\":\"2023-07-20T10:56:09+00:00\",\"dateModified\":\"2023-11-17T11:56:54+00:00\",\"inLanguage\":\"cs\",\"potentialAction\":[{\"@type\":\"ReadAction\",\"target\":[\"https:\\\/\\\/worldvapersalliance.com\\\/podcast\\\/embracing-harm-reduction-with-johan-nissinen\\\/\"]}]},{\"@type\":\"ImageObject\",\"inLanguage\":\"cs\",\"@id\":\"https:\\\/\\\/worldvapersalliance.com\\\/podcast\\\/embracing-harm-reduction-with-johan-nissinen\\\/#primaryimage\",\"url\":\"https:\\\/\\\/worldvapersalliance.com\\\/wp-content\\\/uploads\\\/2023\\\/11\\\/VUP_2.png\",\"contentUrl\":\"https:\\\/\\\/worldvapersalliance.com\\\/wp-content\\\/uploads\\\/2023\\\/11\\\/VUP_2.png\",\"width\":3841,\"height\":2160},{\"@type\":\"WebSite\",\"@id\":\"https:\\\/\\\/worldvapersalliance.com\\\/#website\",\"url\":\"https:\\\/\\\/worldvapersalliance.com\\\/\",\"name\":\"World Vapers&#039; Alliance\",\"description\":\"The largest community of vapers\",\"publisher\":{\"@id\":\"https:\\\/\\\/worldvapersalliance.com\\\/#organization\"},\"potentialAction\":[{\"@type\":\"SearchAction\",\"target\":{\"@type\":\"EntryPoint\",\"urlTemplate\":\"https:\\\/\\\/worldvapersalliance.com\\\/?s={search_term_string}\"},\"query-input\":{\"@type\":\"PropertyValueSpecification\",\"valueRequired\":true,\"valueName\":\"search_term_string\"}}],\"inLanguage\":\"cs\"},{\"@type\":\"Organization\",\"@id\":\"https:\\\/\\\/worldvapersalliance.com\\\/#organization\",\"name\":\"World Vapers&#039; Alliance\",\"url\":\"https:\\\/\\\/worldvapersalliance.com\\\/\",\"logo\":{\"@type\":\"ImageObject\",\"inLanguage\":\"cs\",\"@id\":\"https:\\\/\\\/worldvapersalliance.com\\\/#\\\/schema\\\/logo\\\/image\\\/\",\"url\":\"https:\\\/\\\/worldvapersalliance.com\\\/wp-content\\\/uploads\\\/2022\\\/01\\\/WVA_RB_Fist_G.png\",\"contentUrl\":\"https:\\\/\\\/worldvapersalliance.com\\\/wp-content\\\/uploads\\\/2022\\\/01\\\/WVA_RB_Fist_G.png\",\"width\":985,\"height\":1177,\"caption\":\"World Vapers&#039; Alliance\"},\"image\":{\"@id\":\"https:\\\/\\\/worldvapersalliance.com\\\/#\\\/schema\\\/logo\\\/image\\\/\"}}]}<\/script>\n<!-- \/ Yoast SEO plugin. -->","yoast_head_json":{"title":"Sni\u017eov\u00e1n\u00ed \u0161kod s Johanem Nissinenem - Sv\u011btov\u00e1 aliance vaper\u016f","robots":{"index":"index","follow":"follow","max-snippet":"max-snippet:-1","max-image-preview":"max-image-preview:large","max-video-preview":"max-video-preview:-1"},"canonical":"https:\/\/worldvapersalliance.com\/cs\/podcast\/embracing-harm-reduction-with-johan-nissinen\/","og_locale":"cs_CZ","og_type":"article","og_title":"Embracing Harm Reduction with Johan Nissinen - World Vapers&#039; Alliance","og_description":"In today\u2019s episode, we have a very special guest joining us &#8211; Johan Harry Nissinen. Johan Nissinen has been serving as a member of the Riksdag since 2014 and, since 2022, he has been making waves in Europe. His dedication to public service and passion for harm reduction has made him a leading figure in [&hellip;]","og_url":"https:\/\/worldvapersalliance.com\/cs\/podcast\/embracing-harm-reduction-with-johan-nissinen\/","og_site_name":"World Vapers&#039; Alliance","article_modified_time":"2023-11-17T11:56:54+00:00","og_image":[{"width":1024,"height":576,"url":"https:\/\/worldvapersalliance.com\/wp-content\/uploads\/2023\/11\/VUP_2-1024x576.png","type":"image\/png"}],"twitter_card":"summary_large_image","twitter_misc":{"Odhadovan\u00e1 doba \u010dten\u00ed":"1 minuta"},"schema":{"@context":"https:\/\/schema.org","@graph":[{"@type":"WebPage","@id":"https:\/\/worldvapersalliance.com\/podcast\/embracing-harm-reduction-with-johan-nissinen\/","url":"https:\/\/worldvapersalliance.com\/podcast\/embracing-harm-reduction-with-johan-nissinen\/","name":"Sni\u017eov\u00e1n\u00ed \u0161kod s Johanem Nissinenem - Sv\u011btov\u00e1 aliance vaper\u016f","isPartOf":{"@id":"https:\/\/worldvapersalliance.com\/#website"},"primaryImageOfPage":{"@id":"https:\/\/worldvapersalliance.com\/podcast\/embracing-harm-reduction-with-johan-nissinen\/#primaryimage"},"image":{"@id":"https:\/\/worldvapersalliance.com\/podcast\/embracing-harm-reduction-with-johan-nissinen\/#primaryimage"},"thumbnailUrl":"https:\/\/worldvapersalliance.com\/wp-content\/uploads\/2023\/11\/VUP_2.png","datePublished":"2023-07-20T10:56:09+00:00","dateModified":"2023-11-17T11:56:54+00:00","inLanguage":"cs","potentialAction":[{"@type":"ReadAction","target":["https:\/\/worldvapersalliance.com\/podcast\/embracing-harm-reduction-with-johan-nissinen\/"]}]},{"@type":"ImageObject","inLanguage":"cs","@id":"https:\/\/worldvapersalliance.com\/podcast\/embracing-harm-reduction-with-johan-nissinen\/#primaryimage","url":"https:\/\/worldvapersalliance.com\/wp-content\/uploads\/2023\/11\/VUP_2.png","contentUrl":"https:\/\/worldvapersalliance.com\/wp-content\/uploads\/2023\/11\/VUP_2.png","width":3841,"height":2160},{"@type":"WebSite","@id":"https:\/\/worldvapersalliance.com\/#website","url":"https:\/\/worldvapersalliance.com\/","name":"World Vapers&#039; Alliance","description":"Nejv\u011bt\u0161\u00ed komunita vaper\u016f","publisher":{"@id":"https:\/\/worldvapersalliance.com\/#organization"},"potentialAction":[{"@type":"SearchAction","target":{"@type":"EntryPoint","urlTemplate":"https:\/\/worldvapersalliance.com\/?s={search_term_string}"},"query-input":{"@type":"PropertyValueSpecification","valueRequired":true,"valueName":"search_term_string"}}],"inLanguage":"cs"},{"@type":"Organization","@id":"https:\/\/worldvapersalliance.com\/#organization","name":"World Vapers&#039; Alliance","url":"https:\/\/worldvapersalliance.com\/","logo":{"@type":"ImageObject","inLanguage":"cs","@id":"https:\/\/worldvapersalliance.com\/#\/schema\/logo\/image\/","url":"https:\/\/worldvapersalliance.com\/wp-content\/uploads\/2022\/01\/WVA_RB_Fist_G.png","contentUrl":"https:\/\/worldvapersalliance.com\/wp-content\/uploads\/2022\/01\/WVA_RB_Fist_G.png","width":985,"height":1177,"caption":"World Vapers&#039; Alliance"},"image":{"@id":"https:\/\/worldvapersalliance.com\/#\/schema\/logo\/image\/"}}]}},"_links":{"self":[{"href":"https:\/\/worldvapersalliance.com\/cs\/wp-json\/wp\/v2\/podcast\/5143","targetHints":{"allow":["GET"]}}],"collection":[{"href":"https:\/\/worldvapersalliance.com\/cs\/wp-json\/wp\/v2\/podcast"}],"about":[{"href":"https:\/\/worldvapersalliance.com\/cs\/wp-json\/wp\/v2\/types\/podcast"}],"wp:featuredmedia":[{"embeddable":true,"href":"https:\/\/worldvapersalliance.com\/cs\/wp-json\/wp\/v2\/media\/5122"}],"wp:attachment":[{"href":"https:\/\/worldvapersalliance.com\/cs\/wp-json\/wp\/v2\/media?parent=5143"}],"curies":[{"name":"wp","href":"https:\/\/api.w.org\/{rel}","templated":true}]}}

Přijetí Harm Reduction s Johanem Nissinenem

<p>V dnešní epizodě se k nám připojí velmi speciální host – Johan Harry Nissinen. Johan Nissinen je poslancem Riksdagu od roku 2014 a od roku 2022 dělá v Evropě vlny zájmu. Jeho oddanost veřejné službě a vášeň pro snižování škod z něj udělaly přední osobnost v boji za snižování škod. V této epizodě se Johan Nissinen podělí o pozoruhodný úspěch Švédska v dosažení jeho cíle nekuřáctví a o strategie, které byly zavedeny k dosažení tohoto milníku. Ponoříme se do inspirativní cesty Švédska a dozvíme se, co si svět může odnést z jeho úspěchů v boji proti kouření.</p>

<!-- This site is optimized with the Yoast SEO plugin v27.3 - https://yoast.com/product/yoast-seo-wordpress/ -->
<title>Embracing Harm Reduction with Johan Nissinen - World Vapers&#039; Alliance</title>
<meta name="robots" content="index, follow, max-snippet:-1, max-image-preview:large, max-video-preview:-1" />
<link rel="canonical" href="https://worldvapersalliance.com/cs/podcast/embracing-harm-reduction-with-johan-nissinen/" />
<meta property="og:locale" content="cs_CZ" />
<meta property="og:type" content="article" />
<meta property="og:title" content="Embracing Harm Reduction with Johan Nissinen - World Vapers&#039; Alliance" />
<meta property="og:description" content="In today’s episode, we have a very special guest joining us &#8211; Johan Harry Nissinen. Johan Nissinen has been serving as a member of the Riksdag since 2014 and, since 2022, he has been making waves in Europe. His dedication to public service and passion for harm reduction has made him a leading figure in [&hellip;]" />
<meta property="og:url" content="https://worldvapersalliance.com/cs/podcast/embracing-harm-reduction-with-johan-nissinen/" />
<meta property="og:site_name" content="World Vapers&#039; Alliance" />
<meta property="article:modified_time" content="2023-11-17T11:56:54+00:00" />
<meta property="og:image" content="https://worldvapersalliance.com/wp-content/uploads/2023/11/VUP_2-1024x576.png" />
	<meta property="og:image:width" content="1024" />
	<meta property="og:image:height" content="576" />
	<meta property="og:image:type" content="image/png" />
<meta name="twitter:card" content="summary_large_image" />
<meta name="twitter:label1" content="Odhadovaná doba čtení" />
	<meta name="twitter:data1" content="1 minuta" />
<script type="application/ld+json" class="yoast-schema-graph">{"@context":"https:\/\/schema.org","@graph":[{"@type":"WebPage","@id":"https:\/\/worldvapersalliance.com\/podcast\/embracing-harm-reduction-with-johan-nissinen\/","url":"https:\/\/worldvapersalliance.com\/podcast\/embracing-harm-reduction-with-johan-nissinen\/","name":"Embracing Harm Reduction with Johan Nissinen - World Vapers&#039; Alliance","isPartOf":{"@id":"https:\/\/worldvapersalliance.com\/#website"},"primaryImageOfPage":{"@id":"https:\/\/worldvapersalliance.com\/podcast\/embracing-harm-reduction-with-johan-nissinen\/#primaryimage"},"image":{"@id":"https:\/\/worldvapersalliance.com\/podcast\/embracing-harm-reduction-with-johan-nissinen\/#primaryimage"},"thumbnailUrl":"https:\/\/worldvapersalliance.com\/wp-content\/uploads\/2023\/11\/VUP_2.png","datePublished":"2023-07-20T10:56:09+00:00","dateModified":"2023-11-17T11:56:54+00:00","inLanguage":"cs","potentialAction":[{"@type":"ReadAction","target":["https:\/\/worldvapersalliance.com\/podcast\/embracing-harm-reduction-with-johan-nissinen\/"]}]},{"@type":"ImageObject","inLanguage":"cs","@id":"https:\/\/worldvapersalliance.com\/podcast\/embracing-harm-reduction-with-johan-nissinen\/#primaryimage","url":"https:\/\/worldvapersalliance.com\/wp-content\/uploads\/2023\/11\/VUP_2.png","contentUrl":"https:\/\/worldvapersalliance.com\/wp-content\/uploads\/2023\/11\/VUP_2.png","width":3841,"height":2160},{"@type":"WebSite","@id":"https:\/\/worldvapersalliance.com\/#website","url":"https:\/\/worldvapersalliance.com\/","name":"World Vapers&#039; Alliance","description":"The largest community of vapers","publisher":{"@id":"https:\/\/worldvapersalliance.com\/#organization"},"potentialAction":[{"@type":"SearchAction","target":{"@type":"EntryPoint","urlTemplate":"https:\/\/worldvapersalliance.com\/?s={search_term_string}"},"query-input":{"@type":"PropertyValueSpecification","valueRequired":true,"valueName":"search_term_string"}}],"inLanguage":"cs"},{"@type":"Organization","@id":"https:\/\/worldvapersalliance.com\/#organization","name":"World Vapers&#039; Alliance","url":"https:\/\/worldvapersalliance.com\/","logo":{"@type":"ImageObject","inLanguage":"cs","@id":"https:\/\/worldvapersalliance.com\/#\/schema\/logo\/image\/","url":"https:\/\/worldvapersalliance.com\/wp-content\/uploads\/2022\/01\/WVA_RB_Fist_G.png","contentUrl":"https:\/\/worldvapersalliance.com\/wp-content\/uploads\/2022\/01\/WVA_RB_Fist_G.png","width":985,"height":1177,"caption":"World Vapers&#039; Alliance"},"image":{"@id":"https:\/\/worldvapersalliance.com\/#\/schema\/logo\/image\/"}}]}</script>
<!-- / Yoast SEO plugin. -->

Snižování škod s Johanem Nissinenem - Světová aliance vaperů

Největší komunita vaperů
